c.
9
Let v be 15/2*10/15. Suppose 0*r - 4*r - z = -798, -v*r + 1002 = -z. Calculate the greatest common divisor of r and 20.
20
Let h be ((-168)/35)/(-8)*5. What is the greatest common factor of h and 27?
3
Suppose 2*s + 50 = 7*s. Suppose 3*r - s = r. Calculate the greatest common factor of 40 and r.
5
Let o(h) = -h**2 - 7*h + 8. Let z be o(-10). Let y = z - -18. Let t be 3/(-6) - 18/y. Calculate the highest common divisor of t and 28.
4
Let i(z) = z**2 - 3*z - 1. Let w be i(4). Let q = -92 + 39. Let v = 86 + q. What is the highest common divisor of w and v?
3
Let l(v) = v**2 - 4*v + 3. Let r be l(4). Suppose -c - 3*g + 18 = 0, -c + r*g + 63 = c. Let k = -16 + c. Calculate the highest common divisor of 33 and k.
11
Suppose 2*m = -2*x + 43 - 5, 0 = -4*m - 3*x + 81. Calculate the highest common factor of m and 114.
6
Let c = -253 - -256. Calculate the highest common divisor of 75 and c.
3
Let f be (1/1 - -1)*4. Let h(y) = -y**3 + 2*y**2 + 14*y + 7. Let g be h(5). Calculate the greatest common factor of f and g.
2
Let o(b) = 13*b + 7. Let c be (0 + 4 + -9)/(-1). Let f be o(c). Calculate the highest common divisor of 6 and f.
6
Suppose -3*u = -u + 8, 5*a - u = 149. Calculate the greatest common factor of 551 and a.
29
Let o be (-3)/(-12) + 102/8. Let x be (-1840)/20*11/(-4). Suppose 3*v - x = 2*s - 7*s, -s = 5*v - 451. What is the highest common factor of o and v?
13
Let b(l) be the first derivative of -5*l**2/2 + 21*l + 1. Let f(h) = 24*h + 66. Let n be f(-3). Let z be b(n). Calculate the highest common factor of z and 17.
17
Suppose 2*m - 4 = 0, -92 = -4*r - 2*m - 0. Let w = r - 8. Calculate the highest common factor of 35 and w.
7
Let r be (4/8)/(2/(-80)*-2). Let a be (-14*r/(-8))/((-39)/(-858)). Calculate the highest common divisor of 35 and a.
35
Let y(l) = -9*l**2 + 15*l + 3. Let c(j) = j**2 - j + 1. Let i(w) = -5*c(w) - y(w). Let k be i(4). What is the highest common factor of 8 and k?
8
Suppose -2002 = -4*m + 2*w, -4*m - 301 + 2321 = 4*w. Let g = m + -358. What is the greatest common divisor of g and 16?
16
Let c be 16*-78*5/(-60). Calculate the highest common divisor of c and 26.
26
Let m be 1*2*(-109 - -153). What is the greatest common factor of 8 and m?
8
Let d be (-4)/(-1) + (-7 - -6) + 303. What is the greatest common divisor of d and 816?
102
Suppose 0 = 5*k, -5*u - 2*k = -k - 160. What is the greatest common factor of u and 544?
32
Let i be 30/((-2)/(20/(-15))). Let x = i + -6. Calculate the greatest common factor of x and 14.
14
Let s = 23 + -16. Suppose -199*u + 189*u + 210 = 0. What is the highest common divisor of s and u?
7
Let t(u) = u**2 - 18*u + 6. Let x be t(0). Let d be 2*(9 - (-2)/2). Suppose d = x*k - 34. Calculate the greatest common divisor of k and 72.
9
Suppose -45 = -3*f - 15. Suppose 4*s + s = 545. Let b = s - 19. Calculate the highest common factor of f and b.
10
Suppose -594 = -5*z - 154. Suppose a + 3*a = z. Let w = 26 - -29. What is the greatest common factor of w and a?
11
Let r = 32 - -85. Suppose -6 + 1 = -c. Suppose 3*o - 40 = -4*y - o, 4*y + c*o - 37 = 0. What is the highest common divisor of r and y?
13
Let c be 33/44*-34*(-2)/(-3). Suppose -w - 2*w - 7 = -2*l, 7 = -3*l + w. Let g = l - c. Calculate the highest common divisor of 52 and g.
13
Suppose 4 = b + 8. Let j be 52 + b*(-1)/(-2). Suppose 3*f + 4 + 10 = h, 0 = 5*h + 5*f - 10. What is the highest common divisor of j and h?
5
Suppose -14*l - 560 + 1344 = 0. Let u = 10 + 32. What is the greatest common divisor of l and u?
14
Let b(h) = -h**3 + 11*h**2 - 13*h + 36. Let y be b(10). Let i be (-35)/(-2) - 2/(-4). Calculate the highest common factor of y and i.
6
Let t = 259 + -208. What is the highest common divisor of 255 and t?
51
Let m be -3 - (-684)/52 - (-14)/(-91). What is the highest common divisor of 370 and m?
10
Suppose 2*z - 583 = -5*h, -5*h = 4*z - 8*z - 559. Let b be ((-46)/8)/(-1)*4. Calculate the highest common divisor of h and b.
23
Suppose -134 - 157 = -2*k + 5*g, 2 = -2*g. Calculate the highest common divisor of k and 39.
13
Let d be (-2)/3*(-165)/22. Suppose -d*j + 3*j = -16. Suppose 44 = 4*i + j. Calculate the highest common divisor of i and 63.
9
Let p be (3 - 0)*258/(-9). Let r = -80 - p. Calculate the greatest common divisor of r and 6.
6
Let d(a) = 3*a + 0 + 0 - 8 + 2*a**2 + 3. Let m be d(-4). Suppose 3*w - 2*f = f + m, -f + 16 = 2*w. Calculate the greatest common factor of w and 63.
7
Let q = 14 - -7. Let y be (5 - 3)/(-2) - -3. Suppose -5*s - 3 = h - 2, y*h = -2*s + 22. What is the highest common factor of h and q?
7
Let h be (8 + -6)*(-2)/4*-4. Suppose 3*g + 3*p - 30 = 0, 5*g - h*p - 19 = -5. Calculate the highest common divisor of g and 42.
6
Let o = 30 + -87. Let w = 63 + o. What is the greatest common divisor of 54 and w?
6
Let p(j) = 15*j - 26. Let f(v) = v + 1. Let k(c) = -4*f(c) + p(c). Let a be k(3). Let q = 4 - 2. What is the highest common divisor of q and a?
1
Suppose f - 31 = -2*m, -11*m = -15*m + 12. Let a be (-48)/(-1) + (-2 - -4). Calculate the highest common factor of f and a.
25
Let w be 1 - ((-84)/(-24))/(1/(-178)). What is the highest common factor of 48 and w?
48
Let y be 8/((-56)/(-61)) - (-4)/14. What is the greatest common factor of y and 123?
3
Let k = -253 - -275. What is the greatest common factor of k and 22?
22
Suppose 0 = 2*w - 6*w - 88. Let p = w - -17. Let i(a) = a**3 + 5*a**2 + a + 6. Let b be i(p). What is the greatest common divisor of b and 8?
1
Let z = 107 + -105. Suppose -z*r - 4*q + 18 = 0, 4*q - 39 = -2*r - 3*r. Calculate the greatest common factor of r and 28.
7
Suppose -4*q - 5*s + 67 = 0, -2*q + 2 = -2*s - 36. Let a(l) = l**2 - 3*l - 4. Let i be a(5). What is the highest common factor of i and q?
6
Let i = 584 - 400. Let t = 508 - i. Let j be t/45 - 1/5. What is the greatest common divisor of j and 49?
7
Suppose 0*o - 4*o + 44 = 4*g, -85 = -5*o + g. Suppose w + 5 = o. What is the highest common divisor of w and 11?
11
Suppose -5*x - 5 - 85 = 0. Let i be x/(-21)*(29 - 1). What is the highest common factor of i and 120?
24
Suppose 833*g - 829*g = 644. What is the greatest common factor of 46 and g?
23
Suppose 24 = 13*w - 54. What is the greatest common factor of w and 54?
6
Suppose 5*j + 37 = 4*v, 38 = -4*v + 6*v + 4*j. Calculate the greatest common divisor of 481 and v.
13
Let h(t) = 81*t**2 + 84*t - 360. Let g be h(4). Calculate the highest common factor of g and 24.
24
Let l = 931 - 703. What is the greatest common divisor of 12 and l?
12
Suppose -2*a - 3*a + 55 = 0. Let s(l) = -l**2 + 31*l - 117. Let y be s(6). Calculate the highest common factor of a and y.
11
Let s(l) = 20*l + 13. Let o be s(0). Suppose 5*h - 2*y - y = -57, -4*y - 4 = 0. Let t be (-4)/(-6) - 148/h. What is the greatest common divisor of o and t?
13
Let k = -56 + 61. Suppose 3*g - 33 + 110 = 4*n, -k*n - 4*g + 104 = 0. Calculate the highest common factor of 5 and n.
5
Suppose -5*m + 7*m = 20. Suppose 0 = 3*l - 154 - 86. What is the greatest common divisor of m and l?
10
Suppose 3*h - 434 = -5*n, -422 = -8*n + 3*n + h. Suppose 4 = -3*r + n. What is the greatest common divisor of r and 27?
27
Let f be 1106 - (1 - (-48)/8). Calculate the greatest common divisor of 7 and f.
7
Let s = -451 + 333. Let u = 48 - 106. Let x = u - s. What is the greatest common factor of 20 and x?
20
Suppose -3*a + 60 = a. Let x be (-1 - (-2 + 0))*11. Suppose -6*i = -x*i + 15. What is the highest common factor of i and a?
3
Let u = 925 + -817. Calculate the greatest common factor of 1188 and u.
108
Let f = -4861 + 4891. Suppose 2*x - u = 417, 7*x - 1035 = 2*x + 5*u. What is the highest common factor of x and f?
30
Let q(p) = -p**2 + p + 1. Let k be q(-1). Let o be ((-204)/24)/(k/2). What is the greatest common factor of 51 and o?
17
Let y(n) = -n**2 - 7*n - 5. Let k be y(-6). Let b = 430 + -427. Calculate the highest common divisor of k and b.
1
Let r(k) = -2*k**3 - 2*k**2 + 3*k - 1. Let c be r(-3). Suppose -39*v + 34*v = -1040. Calculate the highest common divisor of v and c.
26
Let x(k) = -47 - 6*k + k + 62. Let m be x(-6). Calculate the highest common factor of m and 5.
5
Suppose 5*y + 470 = 5*f, 21*y + 185 = 2*f + 20*y. Calculate the greatest common divisor of f and 245.
7
Let a be ((-2)/(-1))/((-4)/(-12)). Suppose 4*y + 8 = 5*t - t, -10